t a be ((-54)/(-27))/(y + (-2)/(-12)). What is the greatest common factor of a and 12?
12
Suppose 56*k - 4458 = 7078. Calculate the highest common factor of 10 and k.
2
Let i be 458658/20 - 1 - 1229/(-12290). Calculate the greatest common divisor of 49 and i.
49
Let w(i) = 3*i**2 - 34*i + 124. Let u be w(6). What is the greatest common divisor of u and 21?
7
Let h(r) = -r**3 - 15*r + 18 + 1 - 14*r**2 - 7. Let j be h(-13). What is the greatest common divisor of j and 2?
2
Suppose 9*s - 26 = 4*s + 4*c, 14 = 5*s - c. Let n be (7 - 156/84)/(s/35). Calculate the greatest common divisor of n and 140.
10
Let b(c) = c**3 - 26*c**2 - c + 46. Let h be b(26). Suppose 207 = j + h. Calculate the highest common factor of j and 11.
11
Let p be (442510/68 - (-3 + -4))*4/3. What is the highest common divisor of p and 86?
86
Let a = 27 - 27. Suppose 3*q + 3 = -4*h, 11 = -a*q - q + 2*h. Let m be q/(-2)*12 - 2. What is the greatest common factor of 7 and m?
7
Suppose 0 = 5*o + 2*n - 193, o - 254*n + 255*n - 41 = 0. Calculate the greatest common factor of 43 and o.
1
Suppose 286*b + 33*b - 1752 = 27*b. Calculate the greatest common factor of b and 27.
3
Let r = 8681 - 8679. Suppose 3*j - 28 + 79 = 0. Let s = 31 + j. Calculate the greatest common divisor of s and r.
2
Suppose -2*g + 42 - 294 = 0. Let u = 134 + g. Calculate the greatest common factor of u and 88.
8
Let p(s) = 26*s + 783. Let w be p(-28). Calculate the greatest common factor of w and 55.
55
Let d(x) = x**2 + x - 9. Let z be d(-3). Let w be 14*(z*(-35)/30 - 1). What is the highest common factor of 25 and w?
5
Suppose 0 = -d + 3*z + 1924 - 80, 7361 = 4*d + 3*z. What is the highest common factor of d and 21?
7
Let b = -331 - -220. Let w be (-4)/16 - b/12*73. Calculate the greatest common factor of w and 25.
25
Let v = 14813 - 9558. Calculate the highest common divisor of 10 and v.
5
Let m = 4201 - 4189. Calculate the highest common factor of m and 159.
3
Suppose -5*d + 25 = s - d, -3*s + 61 = -2*d. Let l be s/3 + 7 + 6. What is the greatest common divisor of 12 and l?
4
Let a(m) = -2974*m + 11974. Let o be a(4). Calculate the greatest common factor of o and 1209.
39
Let g = 7 - -6. Let x = -93811 - -94370. What is the greatest common divisor of x and g?
13
Let j(u) = 2*u**2 - 55*u - 303. Let i be j(-6). Let o(w) = w**2 - 6*w - 11. Let t be o(11). Calculate the highest common divisor of i and t.
11
Let w = -3489 + 3490. Let a be (225/36)/(2/8). What is the greatest common factor of a and w?
1
Let j be 8 - (0 + -1)*0. Suppose 0 = -j*x - 2 + 26. Suppose 4*i = 2*a - 26, -3*i - 24 = a - 4*a. Calculate the highest common divisor of a and x.
3
Suppose -60*s + 257*s = 19328 + 19087. Calculate the highest common factor of s and 45.
15
Let c(n) = -n**3 - 6*n**2 - 2*n - 22. Let o be c(-6). Let w be o*7/(-2) + 53 + -55. What is the highest common divisor of 165 and w?
33
Let j(n) = 5*n - 1. Let u be j(1). Suppose s + 303*i - 306*i - 113 = 0, i = s - 99. What is the greatest common divisor of u and s?
4
Suppose -5*t - 254932 = -97*t. Calculate the highest common factor of 163 and t.
163
Let f(q) = -73*q**3 + 42*q**2 - q - 16. Let a be f(-3). Calculate the highest common divisor of 32 and a.
32
Let n(c) = 99*c - 294. Let a be n(26). Suppose -28*q = -34*q + a. What is the highest common factor of q and 76?
76
Let p be ((-25)/5 - 2) + (-1564)/(-4). Calculate the greatest common divisor of 3264 and p.
192
Let m(y) = -2*y**3 - 6*y**2 + 15*y + 42. Let w be ((-18)/21)/(35/245). Let i be m(w). Calculate the greatest common divisor of 108 and i.
12
Let h(a) = 4*a**2 + 70*a - 540. Let z be h(-63). Calculate the greatest common factor of 18 and z.
18
Suppose -5850*n = -5653*n - 171587. Let z be (-25)/(-2) - (-2)/4. Calculate the highest common divisor of n and z.
13
Suppose 0*v = 28*v - 1092. What is the highest common divisor of v and 1937?
13
Let u(r) = r**2 + 14*r + 8. Let g = -67 - -75. Suppose -2*z = 20 + g. Let a be u(z). Calculate the greatest common divisor of a and 6.
2
Let k = -186 - -307. Let a = -119 + k. Suppose -108 = -4*r - a*g, 2*r + 0*g - 2*g - 60 = 0. Calculate the highest common divisor of r and 98.
14
Let r = 34348 - 34150. What is the greatest common factor of 5214 and r?
66
Suppose 0 = -4*g - 2*i + 24, 18 = 3*g - 7*i + 9*i. Suppose g*z - 5*o = 5*z + 328, 1312 = 4*z + 4*o. Calculate the greatest common factor of 41 and z.
41
Suppose -27 = 6*s - 207. Let a be ((-1)/(-2))/(3/s*-1). Let y = 8 - a. Calculate the greatest common divisor of y and 39.
13
Let r = -4303 + 5919. Calculate the highest common divisor of 128 and r.
16
Let p be (-16)/12 + (464/3)/(-4). Let q = p - -52. Let a(d) = 11*d**3 - 2*d. Let n be a(2). What is the highest common divisor of n and q?
12
Suppose -1423 = -2*w - 75. Suppose 4*m + 234 = w. Let s = -105 + m. What is the highest common factor of s and 5?
5
Let n = 18262 + -17987. What is the greatest common divisor of n and 325?
25
Suppose -38*f + 16844 = -31*f + 4979. What is the highest common factor of 9153 and f?
339
Suppose -34*c - 3*p - 19 = -29*c, 2*c = -p - 7. Let g(v) = -v**3 - 4 + 3*v + 2*v**2 - 3*v. Let d be g(c). Calculate the highest common factor of d and 18.
6
Suppose w - 2503 = -4*n, n - 4*w - 225 - 371 = 0. Calculate the greatest common divisor of 336 and n.
48
Suppose 4055 - 621 = 101*z. Let n = 39 - 22. What is the highest common divisor of n and z?
17
Suppose -378 = -194*k + 185*k. Let v = 440 + -62. What is the greatest common divisor of v and k?
42
Suppose 4*z - 780 = -5*f, 72*f - 70*f = -5*z + 992. What is the highest common factor of z and 8?
8
Let u be 0 + (-1 - -7 - 1974/(-1)). What is the greatest common divisor of 1815 and u?
165
Suppose -x = -66 + 16. Let t(m) = m**3 - 9*m**2 + 7*m - 160. Let y be t(10). What is the greatest common factor of y and x?
10
Suppose -2 = n + u - 3, -u = -3*n + 15. Suppose 17 = 5*z + k, 5*k - 16 = -n*z + 6. Calculate the highest common factor of z and 9.
3
Let a(c) = -c**2 - 9*c - 13. Let m be a(-3). Suppose -22*t = -854 - 576. Calculate the highest common divisor of t and m.
5
Suppose 4*q - 2*l - 282 = 0, -258*l + 156 = 2*q - 254*l. Calculate the highest common divisor of 912 and q.
24
Let s(l) be the first derivative of l**2 + 80*l - 44. Let g be s(-5). Calculate the highest common factor of g and 35.
35
Suppose 4*u = 24 + 12. Suppose -g + 6*g = 60. Suppose -g + 48 = u*t. Calculate the highest common factor of t and 4.
4
Suppose 4*o = 119 + 65. Let a be -37*3*o/(-69). Calculate the highest common divisor of 666 and a.
74
Let c be (-6)/(-15) - 30/75. Suppose 5*w + 9 = 30*k - 27*k, c = -2*k - 4*w + 28. Calculate the greatest common divisor of k and 8.
8
Let p(w) = -32*w + 1384. Let t be p(41). Let i be (4/(-6))/(1/3). Let r = 10 + i. Calculate the highest common factor of t and r.
8
Let v be (-1)/3 + 37/3. Suppose 6*k = 2*j, -2*k - 2*j = 2*j - 28. Calculate the greatest common divisor of k and v.
2
Let y be (-19 - 11855/(-35)) + ((-2)/7)/(-1). What is the greatest common factor of y and 1330?
10
Let l be 7/(2380/132 + -18). Let z(v) = 154*v**3 + v - 1. Let k be z(1). Calculate the greatest common divisor of k and l.
77
Let h = 0 + 10. Let c = 1 + h. Let s(a) = a**2 - 50*a + 649. Let z be s(33). What is the highest common factor of z and c?
11
Let t(k) = 20*k + 412. Let h be t(-56). Let f = -628 - h. Suppose 2*x - 2*a = 12, 0*a - 22 = -2*x - 3*a. What is the greatest common divisor of x and f?
8
Suppose 0 = -2*r + 3*p + 1713 - 564, -5*r = -2*p - 2845. Calculate the greatest common divisor of r and 432.
27
Let l be 42/(-1)*(2/6 - (-3 + 7)). Calculate the greatest common divisor of l and 2506.
14
Let a(i) = i + 6. Let s be a(-6). Suppose -4*y + s*y + 120 = 0. Suppose 142 = -161*f + 944 + 164. What is the highest common factor of f and y?
6
Suppose 84 = 2*w - 66. Suppose 3*t + 2*t = w. Suppose -t = -2*z + 5. What is the highest common divisor of 15 and z?
5
Let d = 6106 - 5634. What is the highest common factor of d and 32?
8
Let t(y) = y**3 + 18*y**2 + 62*y + 5. Let l be t(-13). Suppose 4*u = g - 180 + 3262, -6 = 3*g. What is the greatest common divisor of l and u?
22
Let t = -295 + 960. Suppose c - 147 = 4*m, -5*c + 5*m + 55 = -t. What is the greatest common divisor of c and 11?
11
Suppose -4*d = 2*d - 24. Suppose 0 = 5*b + o - 